{"id":221,"date":"2022-04-07T07:49:55","date_gmt":"2022-04-07T07:49:55","guid":{"rendered":"https:\/\/persoenlichkeiten.museum-amden.ch\/?page_id=221"},"modified":"2022-05-05T14:17:17","modified_gmt":"2022-05-05T14:17:17","slug":"anghern-alice","status":"publish","type":"page","link":"https:\/\/persoenlichkeiten.museum-amden.ch\/","title":{"rendered":"Angehrn Alice"},"content":{"rendered":"\n<div class=\"wp-block-columns TopTitle is-layout-flex wp-container-core-columns-is-layout-9d6595d7 wp-block-columns-is-layout-flex\">\n<div class=\"wp-block-column is-layout-flow wp-block-column-is-layout-flow\" style=\"flex-basis:66.66%\">\n<h1 class=\"wp-block-heading\">Alice<br>Angehrn<\/h1>\n\n\n\n<p>geboren am 28. Februar 1946<br>Fotografin und Kulturschaffende<br>Ehrenb\u00fcrgerin seit 2000<\/p>\n<\/div>\n\n\n\n<div class=\"wp-block-column is-layout-flow wp-block-column-is-layout-flow\" style=\"flex-basis:33.33%\">\n<figure class=\"wp-block-image size-large is-style-rounded\"><img loading=\"lazy\" decoding=\"async\" width=\"1024\" height=\"1024\" src=\"https:\/\/persoenlichkeiten.museum-amden.ch\/wp-content\/uploads\/2022\/05\/oma_alice_angehrn-1024x1024.jpg\" alt=\"\" class=\"wp-image-348\" srcset=\"https:\/\/persoenlichkeiten.museum-amden.ch\/wp-content\/uploads\/2022\/05\/oma_alice_angehrn-1024x1024.jpg 1024w, https:\/\/persoenlichkeiten.museum-amden.ch\/wp-content\/uploads\/2022\/05\/oma_alice_angehrn-300x300.jpg 300w, https:\/\/persoenlichkeiten.museum-amden.ch\/wp-content\/uploads\/2022\/05\/oma_alice_angehrn-150x150.jpg 150w, https:\/\/persoenlichkeiten.museum-amden.ch\/wp-content\/uploads\/2022\/05\/oma_alice_angehrn-768x768.jpg 768w, https:\/\/persoenlichkeiten.museum-amden.ch\/wp-content\/uploads\/2022\/05\/oma_alice_angehrn.jpg 1200w\" sizes=\"auto, (max-width: 1024px) 100vw, 1024px\" \/><\/figure>\n<\/div>\n<\/div>\n\n\n\n<div style=\"height:70px\" aria-hidden=\"true\" class=\"wp-block-spacer\"><\/div>\n\n\n\n<h2 class=\"wp-block-heading\">Sie f\u00e4ngt die Sch\u00f6nheit Amdens ein <\/h2>\n\n\n\n<p>Nach ihrer Lehrzeit als Fotografin arbeitet Alice Angehrn unter anderem im Engadin, in Mailand und Toronto in Kanada. Als sie 1973 Thomas Angehrn heiratet, zieht sie nach Amden, wo sie sich schnell wohl f\u00fchlt. Bald kommen zwei T\u00f6chter zur Welt, was Alice Angehrn jedoch nicht davon abh\u00e4lt, der Fotografie \u2013 Beruf und Leidenschaft zugleich \u2013 nachzugehen. Im Auftrag des Kur- und Verkehrsvereins Amden fotografiert sie das Gemeindeleben und ist zu jeder Jahreszeit unterwegs, um die sch\u00f6nsten Seiten des Bergdorfs einzufangen.<\/p>\n\n\n\n<p>Daneben interessiert sich Alice Angehrn f\u00fcr das religi\u00f6se Leben der Gemeinde und die Kultur. So entdeckt sie, dass ihr Nachbar Alois Boos in Chloos auf seinem Estrich alte Gebrauchsgegenst\u00e4nde sammelt, die er ausw\u00e4rtigen H\u00e4ndlern feilbietet, und setzt sich daf\u00fcr ein, diese zur Erinnerung an die Geschichte Amdens zu erhalten.<\/p>\n\n\n\n<p>Zusammen mit Gleichgesinnten ruft sie das Museum Amden ins Leben. \u00abEs soll nicht nur ein Heimatmuseum werden, sondern auch ein Ort \u00fcber die Geschichte und Pers\u00f6nlichkeiten von Amden und mit dem Kulturg\u00fcterschutzraum auch ein Ort des kulturellen Austauschs\u00bb, erkl\u00e4rt Alice Angehrn die Idee. Einheimische und Kunstschaffende, die Amden verbunden sind, sollen die Gelegenheit erhalten, ihr Kunstschaffen in Wechselausstellungen der \u00d6ffentlichkeit zu pr\u00e4sentieren.<\/p>\n\n\n\n<p>1991 wird der Traum vom eigenen Museum Wirklichkeit. Seither haben Dutzende von jungen und alten K\u00fcnstlern und K\u00fcnstlerinnen ihr Schaffen im Museum Amden pr\u00e4sentiert und die \u00d6ffentlichkeit damit begeistert. Das Ortsmuseum erm\u00f6glicht es, verborgene Talente ans Tageslicht zu holen und f\u00fchrt zu eindr\u00fccklichen und spannenden Begegnungen mit der Dorfgemeinschaft.<br>Alice Angehrn ist seit 2000 Ehrenb\u00fcrgerin der Gemeinde Amden.<\/p>\n\n\n\n<div style=\"height:70px\" aria-hidden=\"true\" class=\"wp-block-spacer\"><\/div>\n\n\n\n<div class=\"wp-block-group Pressestimmen\"><div class=\"wp-block-group__inner-container is-layout-flow wp-block-group-is-layout-flow\">\n<div style=\"height:70px\" aria-hidden=\"true\" class=\"wp-block-spacer\"><\/div>\n<\/div><\/div>\n","protected":false},"excerpt":{"rendered":"<p>AliceAngehrn geboren am 28. Februar 1946Fotografin und KulturschaffendeEhrenb\u00fcrgerin seit 2000 Sie f\u00e4ngt die Sch\u00f6nheit Amdens ein Nach ihrer Lehrzeit als Fotografin arbeitet Alice Angehrn unter anderem im Engadin, in Mailand und Toronto in Kanada. Als sie 1973 Thomas Angehrn heiratet, zieht sie nach Amden, wo sie sich schnell wohl f\u00fchlt. Bald kommen zwei T\u00f6chter zur&hellip;&nbsp;<a href=\"https:\/\/persoenlichkeiten.museum-amden.ch\/\" class=\"\" rel=\"bookmark\">Read More &raquo;<span class=\"screen-reader-text\">Angehrn Alice<\/span><\/a><\/p>\n","protected":false},"author":1,"featured_media":0,"parent":0,"menu_order":0,"comment_status":"closed","ping_status":"closed","template":"","meta":{"inline_featured_image":false,"neve_meta_sidebar":"","neve_meta_container":"contained","neve_meta_enable_content_width":"","neve_meta_content_width":0,"neve_meta_title_alignment":"","neve_meta_author_avatar":"","neve_post_elements_order":"","neve_meta_disable_header":"","neve_meta_disable_footer":"","neve_meta_disable_title":"on","footnotes":""},"class_list":["post-221","page","type-page","status-publish","hentry"],"_links":{"self":[{"href":"https:\/\/persoenlichkeiten.museum-amden.ch\/index.php\/wp-json\/wp\/v2\/pages\/221","targetHints":{"allow":["GET"]}}],"collection":[{"href":"https:\/\/persoenlichkeiten.museum-amden.ch\/index.php\/wp-json\/wp\/v2\/pages"}],"about":[{"href":"https:\/\/persoenlichkeiten.museum-amden.ch\/index.php\/wp-json\/wp\/v2\/types\/page"}],"author":[{"embeddable":true,"href":"https:\/\/persoenlichkeiten.museum-amden.ch\/index.php\/wp-json\/wp\/v2\/users\/1"}],"replies":[{"embeddable":true,"href":"https:\/\/persoenlichkeiten.museum-amden.ch\/index.php\/wp-json\/wp\/v2\/comments?post=221"}],"version-history":[{"count":15,"href":"https:\/\/persoenlichkeiten.museum-amden.ch\/index.php\/wp-json\/wp\/v2\/pages\/221\/revisions"}],"predecessor-version":[{"id":503,"href":"https:\/\/persoenlichkeiten.museum-amden.ch\/index.php\/wp-json\/wp\/v2\/pages\/221\/revisions\/503"}],"wp:attachment":[{"href":"https:\/\/persoenlichkeiten.museum-amden.ch\/index.php\/wp-json\/wp\/v2\/media?parent=221"}],"curies":[{"name":"wp","href":"https:\/\/api.w.org\/{rel}","templated":true}]}}